t of 13088314?
1
What is the units digit of 264274831?
1
What is the hundreds digit of 831834929?
9
What is the tens digit of 4721120117?
1
What is the hundred thousands digit of 46282848?
2
What is the tens digit of 188388227?
2
What is the billions digit of 1443315388?
1
What is the thousands digit of 187445127?
5
What is the units digit of 283136018?
8
What is the hundred millions digit of 130862637?
1
What is the ten millions digit of 25250230?
2
What is the millions digit of 446265801?
6
What is the ten millions digit of 2020942663?
2
What is the billions digit of 2220360879?
2
What is the hundreds digit of 224446669?
6
What is the hundred thousands digit of 1600412647?
4
What is the hundreds digit of 2440156456?
4
What is the ten thousands digit of 3526638603?
3
What is the tens digit of 544815593?
9
What is the ten millions digit of 1080358254?
8
What is the thousands digit of 1237802150?
2
What is the tens digit of 477549204?
0
What is the millions digit of 19516952?
9
What is the hundred millions digit of 435815022?
4
What is the ten thousands digit of 292438797?
3
What is the hundred millions digit of 1581353263?
5
What is the millions digit of 13469224?
3
What is the hundreds digit of 138322272?
2
What is the tens digit of 210424961?
6
What is the ten millions digit of 91656419?
9
What is the ten millions digit of 705564911?
0
What is the thousands digit of 1594401461?
1
What is the millions digit of 3848377675?
8
What is the hundred millions digit of 8605866418?
6
What is the ten thousands digit of 1809261844?
6
What is the units digit of 6193051395?
5
What is the ten thousands digit of 71026815?
2
What is the ten millions digit of 144740612?
4
What is the thousands digit of 89922402?
2
What is the units digit of 340116935?
5
What is the millions digit of 178426873?
8
What is the hundreds digit of 79597588?
5
What is the millions digit of 3041703614?
1
What is the hundred thousands digit of 28679715?
6
What is the tens digit of 188589123?
2
What is the tens digit of 1932599811?
1
What is the millions digit of 428884636?
8
What is the hundreds digit of 145664851?
8
What is the billions digit of 1426580317?
1
What is the tens digit of 109045153?
5
What is the hundred thousands digit of 4645138509?
1
What is the hundred thousands digit of 704294957?
2
What is the tens digit of 19067781?
8
What is the thousands digit of 53957289?
7
What is the ten thousands digit of 50786872?
8
What is the hundred millions digit of 7953514037?
9
What is the thousands digit of 2276998346?
8
What is the thousands digit of 351848002?
8
What is the tens digit of 3221974636?
3
What is the thousands digit of 61010994?
0
What is the thousands digit of 649191194?
1
What is the ten millions digit of 2264832275?
6
What is the millions digit of 39884399?
9
What is the billions digit of 8574148350?
8
What is the millions digit of 1720041786?
0
What is the millions digit of 73800332?
3
What is the tens digit of 8901127?
2
What is the thousands digit of 8221729?
1
What is the millions digit of 2534957498?
4
What is the thousands digit of 31439713?
9
What is the hundreds digit of 2480802275?
2
What is the thousands digit of 79296900?
6
What is the ten thousands digit of 138420806?
2
What is the tens digit of 413534410?
1
What is the units digit of 76547940?
0
What is the thousands digit of 721785793?
5
What is the millions digit of 186549662?
6
What is the millions digit of 615255056?
5
What is the ten thousands digit of 32278363?
7
What is the tens digit of 1385798602?
0
What is the ten thousands digit of 18118889?
1
What is the hundreds digit of 67264256?
2
What is the hundreds digit of 274783529?
5
What is the ten thousands digit of 6283116459?
1
What is the ten millions digit of 895447619?
9
What is the hundreds digit of 1809545893?
8
What is the hundred thousands digit of 223055793?
0
What is the hundreds digit of 645720471?
4
What is the tens digit of 307127844?
4
What is the hundred thousands digit of 6193039316?
0
What is the billions digit of 1413635140?
1
What is the units digit of 48675740?
0
What is the ten millions digit of 3098035457?
9
What is the ten millions digit of 223655189?
2
What is the ten thousands digit of 63175320?
7
What is the ten millions digit of 315447114?
1
What is the ten thousands digit of 36468054?
6
What is the hundreds digit of 133100989?
9
What is the thousands digit of 44318764?
8
What is the hundred thousands digit of 6857619?
8
What is the units digit of 199173842?
2
What is the hundred thousands digit of 129719695?
7
What is the units digit of 5537837594?
4
What is the thousands digit of 1393118185?
8
What is the billions digit of 1022330258?
1
What is the hundred thousands digit of 28271790?
2
What is the ten thousands digit of 1155591878?
9
What is the hundred millions digit of 131110123?
1
What is the hundreds digit of 5856397?
3
What is the hundred millions digit of 108508008?
1
What is the millions digit of 153642283?
3
What is the hundred thousands digit of 95285588?
2
What is the units digit of 142527377?
7
What is the units digit of 29097414?
4
What is the tens digit of 4179773056?
5
What is the ten millions digit of 974032611?
7
What is the ten millions digit of 3789559493?
8
What is the hundreds digit of 3431789058?
0
What is the tens digit of 109187107?
0
What is the units digit of 510168633?
3
What is the thousands digit of 26588266?
8
What is the thousands digit of 139599914?
9
What is the units digit of 1130311?
1
What is the ten thousands digit of 900256742?
5
What is the hundred thousands digit of 146534494?
5
What is the tens digit of 220782882?
8
What is the millions digit of 1363358802?
3
What is the thousands digit of 1652586718?
6
What is the ten millions digit of 4975145027?
7
What is the units digit of 110691572?
2
What is the ten thousands digit of 295815326?
1
What is the ten millions digit of 157614658?
5
What is the tens digit of 69790919?
1
What is the ten thousands digit of 55321544?
2
What is the hundred thousands digit of 9445836?
4
What is the units digit of 18852694?
4
What is the hundred millions digit of 146936446?
1
What is the tens digit of 23670374?
7
What is the millions digit of 701247167?
1
What is the hundred millions digit of 162440203?
1
What is the thousands digit of 7526901?
6
What is the tens digit of 27202168?
6
What is the ten thousands digit of 1786578796?
7
What is the ten thousands digit of 10617464?
1
What is the hundred thousands digit of 60869299?
8
What is the ten thousands digit of 25226424?
2
What is the hundreds digit of 88198636?
6
What is the thousands digit of 47817580?
7
What is the ten millions digit of 2052627918?
5
What is the tens digit of 32013316?
1
What is the tens digit of 19770397?
9
What is the millions digit of 576091016?
6
What is the ten millions digit of 2200274448?
0
What is the thousands digit of 14696648?
6
What is the ten millions digit of 1450961604?
5
What is the hundred thousands digit of 1442746314?
7
What is the hundreds digit of 537394379?
3
What is the billions digit of 1395484648?
1
What is the tens digit of 266462785?
8
What is the units digit of 671025664?
4
What is the thousands digit of 60211780?
1
What is the ten millions digit of 79788833?
7
What is the hundreds digit of 29451434?
4
What is the ten thousands digit of 98847051?
4
What is the millions digit of 32351641?
2
What is the millions digit of 1118880483?
8
What is the thousands digit of 61070997?
0
What is the ten millions digit of 1069990233?
6
What is the thousands digit of 68671197?
1
What is the billions digit of 5145818422?
5
What is the tens digit of 101886181?
8
What is the billions digit of 1250432127?
1
What is the hundred thousands digit of 2236105708?
1
What is the millions digit of 7223210?
7
What is the tens digit of 146969604?
0
What is the tens digit of 34619951?
5
What is the hundred thousands digit of 64800532?
8
What is the hundred millions digit of 768361107?
7
What is the hundred millions digit of 939686683?
9
What is the ten thousands digit of 464464315?
6
What is the tens digit of 28736274?
7
What is the hundred thousands digit of 40636227?
6
What is the hundred millions digit of 540590649?
5
What is the ten thousands digit of 5471152099?
5
What is 